ctor of 19908?
True
Is 2518 a multiple of 43?
False
Is 14 a factor of 214?
False
Is 60 a factor of 2040?
True
Is 12 a factor of 145?
False
Is 17 a factor of 46494?
False
Does 69 divide 2070?
True
Is 4 a factor of 1388?
True
Is 8 a factor of 9945?
False
Is 60 a factor of 32017?
False
Is 3038 a multiple of 56?
False
Is 15 a factor of 17550?
True
Is 43 a factor of 1247?
True
Is 182 a factor of 12922?
True
Does 13 divide 1690?
True
Is 1194 a multiple of 9?
False
Is 68 a factor of 5851?
False
Is 236 a multiple of 50?
False
Is 65 a factor of 5113?
False
Does 176 divide 2640?
True
Does 13 divide 445?
False
Is 9072 a multiple of 56?
True
Does 35 divide 935?
False
Is 1322 a multiple of 66?
False
Is 9 a factor of 774?
True
Is 12096 a multiple of 8?
True
Is 8521 a multiple of 17?
False
Does 45 divide 540?
True
Is 2460 a multiple of 20?
True
Is 35 a factor of 16870?
True
Is 83 a factor of 8840?
False
Is 14 a factor of 8694?
True
Is 41 a factor of 587?
False
Is 32 a factor of 61876?
False
Does 135 divide 101624?
False
Is 2 a factor of 1658?
True
Is 13174 a multiple of 28?
False
Does 30 divide 15982?
False
Is 22 a factor of 414?
False
Is 2597 even?
False
Is 22235 a multiple of 73?
False
Is 199 a multiple of 49?
False
Is 16 a factor of 592?
True
Is 15707 a multiple of 150?
False
Is 14 a factor of 1778?
True
Is 1188 a multiple of 17?
False
Is 677 a multiple of 30?
False
Is 9 a factor of 380?
False
Does 31 divide 1705?
True
Is 8 a factor of 1432?
True
Is 50 a factor of 328?
False
Is 30 a factor of 983?
False
Does 94 divide 294?
False
Is 247 a multiple of 19?
True
Does 53 divide 3710?
True
Is 16511 a multiple of 19?
True
Does 13 divide 1495?
True
Is 93 a factor of 5918?
False
Does 14 divide 1021?
False
Is 2 a factor of 59?
False
Is 50 a factor of 1400?
True
Does 140 divide 42461?
False
Is 124 a multiple of 12?
False
Is 8241 a multiple of 112?
False
Is 8086 a multiple of 26?
True
Does 18 divide 5608?
False
Is 888 a multiple of 12?
True
Does 102 divide 15448?
False
Is 9 a factor of 489?
False
Is 4968 a multiple of 23?
True
Does 28 divide 13707?
False
Is 84 a factor of 6216?
True
Is 40980 a multiple of 10?
True
Does 130 divide 31971?
False
Is 1505 a multiple of 18?
False
Is 153 a multiple of 9?
True
Is 66861 a multiple of 437?
True
Does 8 divide 8104?
True
Is 1216 a multiple of 2?
True
Is 10764 a multiple of 39?
True
Is 51 a factor of 10284?
False
Does 30 divide 4980?
True
Is 52 a factor of 312?
True
Does 202 divide 59590?
True
Is 17 a factor of 272?
True
Does 46 divide 4611?
False
Does 37 divide 145151?
True
Is 601 a multiple of 16?
False
Does 24 divide 5616?
True
Is 26 a factor of 16536?
True
Does 31 divide 3224?
True
Is 44 a factor of 1012?
True
Is 3921 a multiple of 106?
False
Is 6782 a multiple of 34?
False
Is 1280 a multiple of 8?
True
Is 19 a factor of 2676?
False
Is 884 a multiple of 4?
True
Is 574 a multiple of 14?
True
Is 13201 a multiple of 307?
True
Does 20 divide 6150?
False
Does 6 divide 916?
False
Is 6 a factor of 643?
False
Is 13713 a multiple of 21?
True
Does 28 divide 4256?
True
Does 46 divide 5948?
False
Does 46 divide 828?
True
Is 25296 a multiple of 62?
True
Is 19 a factor of 5873?
False
Is 486 a multiple of 6?
True
Is 5 a factor of 3577?
False
Does 8 divide 3752?
True
Is 19 a factor of 152?
True
Is 2325 a multiple of 44?
False
Is 35 a factor of 14937?
False
Is 33235 a multiple of 85?
True
Does 45 divide 18900?
True
Is 3680 a multiple of 32?
True
Is 260 a multiple of 65?
True
Is 48 a factor of 19008?
True
Is 493 a multiple of 17?
True
Does 394 divide 25820?
False
Is 240 a multiple of 8?
True
Is 3 a factor of 1517?
False
Does 65 divide 364?
False
Is 3 a factor of 169?
False
Is 5 a factor of 154?
False
Is 250 a multiple of 25?
True
Does 8 divide 6768?
True
Is 800 a multiple of 10?
True
Is 14 a factor of 893?
False
Is 28970 a multiple of 5?
True
Is 20 a factor of 360?
True
Is 7304 a multiple of 23?
False
Is 33 a factor of 641?
False
Does 17 divide 841?
False
Is 432 a multiple of 14?
False
Does 5 divide 1400?
True
Is 4284 a multiple of 2?
True
Is 19 a factor of 456?
True
Is 1050 a multiple of 7?
True
Is 20 a factor of 71012?
False
Is 1050 a multiple of 15?
True
Does 140 divide 23091?
False
Is 3416 a multiple of 9?
False
Does 5 divide 24?
False
Is 969 a multiple of 17?
True
Is 48 a factor of 18772?
False
Is 969 a multiple of 19?
True
Does 67 divide 1758?
False
Is 5 a factor of 15?
True
Does 11 divide 135?
False
Does 3 divide 17136?
True
Does 213 divide 35865?
False
Is 15 a factor of 1732?
False
Does 6 divide 320?
False
Is 28932 a multiple of 239?
False
Does 79 divide 2291?
True
Does 13 divide 24999?
True
Is 6 a factor of 3516?
True
Is 11 a factor of 2159?
False
Is 24490 a multiple of 127?
False
Does 107 divide 749?
True
Does 13 divide 61?
False
Is 304 a multiple of 38?
True
Is 49 a multiple of 6?
False
Is 105 a multiple of 68?
False
Does 9 divide 99?
True
Is 36 a factor of 1069?
False
Does 32 divide 2464?
True
Is 31 a factor of 23963?
True
Is 2678 a multiple of 15?
False
Does 19 divide 76?
True
Is 9044 a multiple of 17?
True
Is 11060 a multiple of 28?
True
Does 38 divide 33478?
True
Is 40026 a multiple of 14?
True
Is 2 a factor of 1536?
True
Does 11 divide 139557?
True
Is 333 a factor of 40959?
True
Does 16 divide 421?
False
Is 129 a factor of 903?
True
Is 61 a factor of 17783?
False
Is 20 a factor of 1127?
False
Is 11 a factor of 110?
True
Is 5 a factor of 15?
True
Is 48839 a multiple of 249?
False
Does 4 divide 588?
True
Is 20 a factor of 2683?
False
Does 70 divide 14031?
False
Is 18696 a multiple of 8?
True
Is 43 a factor of 114251?
True
Does 24 divide 4196?
False
Is 217 a factor of 28519?
False
Is 151 a factor of 96640?
True
Is 213 a multiple of 71?
True
Is 75 a factor of 5475?
True
Is 6426 a multiple of 54?
True
Is 268 a factor of 128743?
False
Is 7840 a multiple of 80?
True
Does 10 divide 2663?
False
Is 92 a factor of 8372?
True
Does 36 divide 8895?
False
Is 46 a factor of 368?
True
Does 69 divide 31464?
True
Is 22 a factor of 5720?
True
Is 52 a factor of 4949?
False
Does 37 divide 1127?
False
Does 12 divide 10551?
False
Does 18 divide 1332?
True
Is 144 a factor of 27181?
False
Does 10 divide 50786?
False
Does 40 divide 4959?
False
Is 39 a factor of 18213?
True
Does 20 divide 5940?
True
Is 32 a factor of 3392?
True
Is 705 a multiple of 5?
True
Does 7 divide 711?
False
Does 32 divide 175?
False
Is 6 a factor of 951?
False
Is 185 a multiple of 37?
True
Does 54 divide 6288?
False
Does 22 divide 44?
True
Is 51 a factor of 1608?
False
Is 313 a multiple of 28?
False
Is 6540 a multiple of 121?
False
Does 12 divide 13092?
True
Is 26 a factor of 672?
False
Does 86 divide 8342?
True
Is 31019 a multiple of 5?
False
Does 13 divide 4134?
True
Is 133 a factor of 26732?
False
Does 27 divide 540?
True
Is 194 a multiple of 7?
False
Does 10 divide 885?
False
Does 23 divide 2806?
True
Does 12 divide 11364?
True
Is 345 a multiple of 69?
True
Is 330 a multiple of 11?
True
Is 9343 a multiple of 22?
False
Is 18 a factor of 22644?
True
Does 45 divide 23893?
False
Does 14 divide 25928?
True
Does 24 divide 10056?
True
Is 392 a multiple of 28?
True
Does 10 divide 210?
True
Does 13 divide 6302?
False
Does 15 divide 15852?
False
Is 38 a factor of 45108?
False
Is 1404 a multiple of 5?
False
Is 32 a factor of 679?
False
Does 17 divide 6729?
False
Does 25 divide 7925?
True
Is 17 a factor of 320?
False
Does 7 divide 231?
True
Does 35 divide 420?
True
Is 58 a multiple of 2?
True
Is 1027 a multiple of 79?
True
Is 44 a factor of 7920?
True
Does 11 divide 7668?
False
Is 46 a factor of 4175?
False
Is 14 a factor of 140?
True
Is 24 a multiple of 6?
True
Does 10 divide 209?
False
Is 2 a factor of 618?
True
Is 1110 a multiple of 6?
True
Does 145 divide 119829?
False
Is 6016 a multiple of 16?
True
Is 52 a factor of 11128?
True
Is 17425 a multiple of 138?
False
Is 10958 a multiple of 11?
False
Is 10 a factor of 10?
True
Is 3404 a multiple of 92?
True
Is 10 a factor of 22807?
False
Is 23 a factor of 19676?
False
Is 865 a multiple of 42?
False
Is 14 a factor of 34931?
False
Is 396 a multiple of 66?
True
Is 36 a factor of 2860?
False
Does 54 divide 96?
False
Is 24846 a multiple of 47?
False
Does 61 divide 8235?
True
Is 69 a factor of 1242?
True
Does 28 divide 65556?
False
Does 13 di